0
Calculate the highest common factor of 938 and 56560.
14
What is the greatest common factor of 523026 and 833?
49
What is the greatest common factor of 1125 and 11325?
75
Calculate the greatest common divisor of 117 and 11401.
13
Calculate the highest common divisor of 29164 and 644.
92
What is the greatest common factor of 1560 and 17720?
40
Calculate the highest common factor of 171425 and 25.
25
Calculate the highest common factor of 655044 and 51.
51
Calculate the highest common factor of 6858 and 1512.
54
Calculate the highest common factor of 420 and 50820.
420
What is the highest common divisor of 822890 and 3050?
610
What is the greatest common factor of 48820 and 235?
5
What is the greatest common divisor of 949 and 47669?
73
Calculate the highest common divisor of 108 and 171423.
27
Calculate the greatest common divisor of 1323 and 21168.
1323
Calculate the highest common divisor of 36889 and 1998.
37
What is the greatest common factor of 44875 and 3000?
125
Calculate the highest common divisor of 664 and 5430856.
664
What is the highest common divisor of 2585 and 3149?
47
What is the greatest common factor of 66 and 5370486?
66
What is the greatest common factor of 2128 and 672?
112
Calculate the greatest common factor of 591 and 42946.
197
What is the greatest common factor of 1642629 and 159?
159
What is the greatest common divisor of 23 and 472719?
23
Calculate the highest common factor of 7640 and 70.
10
Calculate the highest common divisor of 8773 and 17829.
283
Calculate the highest common factor of 2880 and 15680.
320
What is the highest common divisor of 10563 and 1029?
21
What is the greatest common factor of 18 and 1082?
2
Calculate the greatest common factor of 918 and 7506.
54
What is the highest common factor of 32038 and 10292?
166
Calculate the greatest common factor of 741 and 29991.
39
What is the highest common divisor of 80 and 549008?
16
What is the highest common factor of 20 and 2968?
4
What is the highest common factor of 57830 and 10?
10
Calculate the greatest common divisor of 483 and 43815.
69
Calculate the greatest common factor of 711567 and 243.
9
Calculate the highest common factor of 5625 and 2027250.
1125
What is the greatest common divisor of 1734 and 8364?
102
Calculate the highest common factor of 69 and 37283.
23
What is the highest common factor of 765 and 30447?
153
What is the highest common factor of 5875 and 42375?
125
Calculate the greatest common divisor of 1692540 and 9.
9
Calculate the highest common factor of 42768 and 54.
54
Calculate the highest common factor of 31056 and 192.
48
What is the highest common divisor of 52662 and 14148?
786
What is the greatest common factor of 230 and 86135?
115
Calculate the highest common factor of 19159 and 8993.
391
Calculate the highest common factor of 319 and 8899.
11
Calculate the greatest common divisor of 74580 and 150.
30
What is the greatest common divisor of 220180 and 3434?
202
What is the highest common factor of 18768 and 944112?
816
Calculate the greatest common divisor of 949 and 657.
73
Calculate the highest common factor of 4123332 and 73.
73
What is the greatest common factor of 50826 and 258?
258
What is the greatest common divisor of 5457 and 95658?
321
What is the highest common factor of 814 and 1813?
37
Calculate the greatest common factor of 86 and 1661606.
86
Calculate the highest common divisor of 25134 and 37914.
426
Calculate the greatest common divisor of 14 and 329287.
7
What is the greatest common factor of 195750 and 2025?
675
Calculate the highest common factor of 33232 and 112.
16
Calculate the greatest common divisor of 14 and 38941.
7
Calculate the highest common divisor of 1680 and 348.
12
Calculate the highest common factor of 50864 and 528.
176
Calculate the greatest common factor of 121 and 646393.
11
What is the greatest common divisor of 1320 and 23980?
220
Calculate the highest common divisor of 116956 and 140.
28
Calculate the highest common divisor of 21180 and 183.
3
What is the highest common factor of 72891 and 49?
7
Calculate the greatest common divisor of 22012 and 44.
4
What is the highest common factor of 440307 and 53502?
723
What is the greatest common factor of 10 and 366370?
10
What is the greatest common divisor of 14 and 538?
2
What is the highest common divisor of 1786 and 19928?
94
Calculate the highest common factor of 4 and 88128.
4
What is the greatest common factor of 1222 and 222310?
94
What is the greatest common divisor of 1646 and 998?
2
Calculate the greatest common divisor of 2275 and 15561.
91
What is the highest common divisor of 1474 and 2618?
22
What is the greatest common factor of 641 and 1283923?
641
What is the highest common factor of 242105 and 205?
205
Calculate the greatest common factor of 69548 and 16.
4
What is the highest common divisor of 3100 and 6400?
100
Calculate the greatest common factor of 102 and 46597.
17
Calculate the highest common divisor of 7 and 4652431.
7
Calculate the highest common factor of 99 and 1907928.
99
What is the highest common divisor of 3751 and 20119?
341
Calculate the highest common factor of 416 and 468572.
52
Calculate the greatest common factor of 3312 and 208863.
207
What is the highest common divisor of 302616 and 24?
24
What is the highest common factor of 523 and 793391?
523
What is the highest common divisor of 107537 and 159?
53
Calculate the highest common divisor of 2511 and 176607.
837
Calculate the highest common divisor of 1000892 and 102.
34
What is the highest common factor of 672 and 15874656?
672
Calculate the greatest common divisor of 19367 and 2172.
181
What is the highest common divisor of 505 and 793355?
505
Calculate the greatest common divisor of 13969 and 1891.
61
Calculate the greatest common factor of 7172 and 140017.
163
What is the highest common factor of 32664 and 120?
24
Calculate the greatest common factor of 1025 and 451.
41
Calculate the greatest common divisor of 1340003 and 10373.
943
Calculate the greatest common factor of 31828 and 8468.
292
Calculate the greatest common divisor of 24576 and 1236.
12
What is the highest common factor of 4955418 and 12?
6
What is the highest common divisor of 390 and 212340?
30
Calculate the highest common factor of 832 and 49673.
13
What is the greatest common factor of 658485 and 45?
45
Calculate the highest common divisor of 2190 and 707954.
146
What is the greatest common factor of 22 and 297363?
11
Calculate the greatest common divisor of 72522 and 6426.
918
Calculate the highest common divisor of 5886 and 1296.
54
Calculate the greatest common factor of 657 and 8001.
9
Calculate the highest common factor of 3824 and 2048.
16
What is the greatest common divisor of 51 and 1114877?
17
What is the greatest common factor of 82 and 4366541?
41
What is the greatest common divisor of 18571 and 49?
49
Calculate the greatest common divisor of 20 and 126620.
20
Calculate the highest common divisor of 4609 and 7744.
11
What is the highest common divisor of 324500 and 1980?
220
What is the highest common divisor of 646 and 177327?
323
What is the highest common factor of 2139 and 5880111?
2139
What is the greatest common factor of 3584 and 22232?
56
Calculate the greatest common divisor of 2043 and 2706975.
2043
What is the greatest common factor of 114 and 219982?
38
Calculate the greatest common factor of 52 and 357838.
26
Calculate the highest common factor of 2815050 and 20.
10
Calculate the greatest common factor of 457806 and 164.
82
What is the highest common divisor of 40 and 354928?
8
What is the highest common divisor of 6 and 1342?
2
Calculate the highest common factor of 12870 and 4082.
26
What is the greatest common divisor of 183529 and 446?
223
Calculate the greatest common divisor of 128358 and 27.
27
What is the highest common divisor of 31 and 902689?
31
What is the highest common factor of 51075 and 6525?
225
What is the greatest common divisor of 46 and 1906?
2
Calculate the greatest common divisor of 11465 and 125.
5
Calculate the greatest common divisor of 891326 and 2799.
311
Calculate the highest common divisor of 95 and 27060.
5
What is the greatest common factor of 3875 and 68045?
155
What is the highest common divisor of 10 and 73315?
5
C